{"id":121,"date":"2022-05-13T19:02:14","date_gmt":"2022-05-13T19:02:14","guid":{"rendered":"http:\/\/geigenleut.de\/?page_id=121"},"modified":"2026-02-14T22:13:14","modified_gmt":"2026-02-14T22:13:14","slug":"biography","status":"publish","type":"page","link":"http:\/\/geigenleut.de\/?page_id=121","title":{"rendered":"Band"},"content":{"rendered":"\n<p>Geigenleut&#8216; kommt <\/p>\n\n\n\n<p>mit einem vorweihnachtlichen Programm und einem f\u00fcr den Rest des Jahres. Beide werden st\u00e4ndig erweitert und variiert.<\/p>\n\n\n\n<p>Geigenleut&#8216; kommt <strong>zu zweit,<\/strong><br><\/p>\n\n\n\n<p class=\"has-medium-font-size\"><strong>zu dritt<\/strong><br><\/p>\n\n\n\n<p class=\"has-large-font-size\">zu viert.<\/p>\n\n\n\n<p>Zum Beispiel.<\/p>\n\n\n\n<p>Denn Geigenleut&#8216; ist eine Idee. Ein Projekt:<\/p>\n\n\n\n<p>Musik vergangener Zeit aus heutiger Sicht spielen. <\/p>\n\n\n\n<p>Winfried S. K\u00fcttner (Vocals, Violine, Viola, Akkordeon) kommt mit Anna Truhina (Violine), Rafael Carpena oder Philip Weber (Gitarre). Mit Corinna St\u00fcttgen-Klepsch<strong>\u00a0<\/strong> (Cello) oder Anne Peuchet (Cello) oder  Leoni Walter (Kontrabass),  und v.a.m. (Fast) alle Musiker haben ein Studium an einer deutschen Musikhochschule absolviert.<\/p>\n\n\n\n<figure class=\"wp-block-image size-large\"><img loading=\"lazy\" width=\"768\" height=\"1024\" src=\"http:\/\/geigenleut.de\/wp-content\/uploads\/2022\/05\/IMG_20220430_164856-768x1024.jpg\" alt=\"\" class=\"wp-image-170\" srcset=\"http:\/\/geigenleut.de\/wp-content\/uploads\/2022\/05\/IMG_20220430_164856-768x1024.jpg 768w, http:\/\/geigenleut.de\/wp-content\/uploads\/2022\/05\/IMG_20220430_164856-225x300.jpg 225w, http:\/\/geigenleut.de\/wp-content\/uploads\/2022\/05\/IMG_20220430_164856-1152x1536.jpg 1152w, http:\/\/geigenleut.de\/wp-content\/uploads\/2022\/05\/IMG_20220430_164856-1536x2048.jpg 1536w, http:\/\/geigenleut.de\/wp-content\/uploads\/2022\/05\/IMG_20220430_164856-scaled.jpg 1920w\" sizes=\"(max-width: 706px) 89vw, (max-width: 767px) 82vw, 740px\" \/><figcaption>dav<\/figcaption><\/figure>\n\n\n\n<p>Das Projekt  steht unter der Leitung des in M\u00f6nchengladbach und H\u00e4lsingland (Schweden) lebenden Komponisten und Geigers Winfried S. K\u00fcttner.\u00a0 K\u00fcttner stammt aus Norddeutschland, ist in Bremen aufgewachsen, studierte Musik in Hannover, D\u00fcsseldorf und K\u00f6ln.\u00a0<\/p>\n\n\n\n<figure class=\"wp-block-image size-large\"><img loading=\"lazy\" width=\"1024\" height=\"683\" src=\"http:\/\/geigenleut.de\/wp-content\/uploads\/2022\/03\/SKOG-1024x683.jpg\" alt=\"\" class=\"wp-image-165\" srcset=\"http:\/\/geigenleut.de\/wp-content\/uploads\/2022\/03\/SKOG-1024x683.jpg 1024w, http:\/\/geigenleut.de\/wp-content\/uploads\/2022\/03\/SKOG-300x200.jpg 300w, http:\/\/geigenleut.de\/wp-content\/uploads\/2022\/03\/SKOG-768x512.jpg 768w, http:\/\/geigenleut.de\/wp-content\/uploads\/2022\/03\/SKOG-1536x1024.jpg 1536w, http:\/\/geigenleut.de\/wp-content\/uploads\/2022\/03\/SKOG-2048x1365.jpg 2048w\" sizes=\"(max-width: 706px) 89vw, (max-width: 767px) 82vw, 740px\" \/><\/figure>\n","protected":false},"excerpt":{"rendered":"<p>Geigenleut&#8216; kommt mit einem vorweihnachtlichen Programm und einem f\u00fcr den Rest des Jahres. Beide werden st\u00e4ndig erweitert und variiert. Geigenleut&#8216; kommt zu zweit, zu dritt zu viert. Zum Beispiel. Denn Geigenleut&#8216; ist eine Idee. Ein Projekt: Musik vergangener Zeit aus heutiger Sicht spielen. Winfried S. K\u00fcttner (Vocals, Violine, Viola, Akkordeon) kommt mit Anna Truhina (Violine), &hellip; <\/p>\n<p class=\"link-more\"><a href=\"http:\/\/geigenleut.de\/?page_id=121\" class=\"more-link\"><span class=\"screen-reader-text\">\u201eBand\u201c<\/span> weiterlesen<\/a><\/p>\n","protected":false},"author":1,"featured_media":0,"parent":0,"menu_order":0,"comment_status":"closed","ping_status":"closed","template":"","meta":[],"_links":{"self":[{"href":"http:\/\/geigenleut.de\/index.php?rest_route=\/wp\/v2\/pages\/121"}],"collection":[{"href":"http:\/\/geigenleut.de\/index.php?rest_route=\/wp\/v2\/pages"}],"about":[{"href":"http:\/\/geigenleut.de\/index.php?rest_route=\/wp\/v2\/types\/page"}],"author":[{"embeddable":true,"href":"http:\/\/geigenleut.de\/index.php?rest_route=\/wp\/v2\/users\/1"}],"replies":[{"embeddable":true,"href":"http:\/\/geigenleut.de\/index.php?rest_route=%2Fwp%2Fv2%2Fcomments&post=121"}],"version-history":[{"count":15,"href":"http:\/\/geigenleut.de\/index.php?rest_route=\/wp\/v2\/pages\/121\/revisions"}],"predecessor-version":[{"id":228,"href":"http:\/\/geigenleut.de\/index.php?rest_route=\/wp\/v2\/pages\/121\/revisions\/228"}],"wp:attachment":[{"href":"http:\/\/geigenleut.de\/index.php?rest_route=%2Fwp%2Fv2%2Fmedia&parent=121"}],"curies":[{"name":"wp","href":"https:\/\/api.w.org\/{rel}","templated":true}]}}

<p>Geigenleut&#8216; kommt </p>



<p>mit einem vorweihnachtlichen Programm und einem für den Rest des Jahres. Beide werden ständig erweitert und variiert.</p>



<p>Geigenleut&#8216; kommt <strong>zu zweit,</strong><br></p>



<p class="has-medium-font-size"><strong>zu dritt</strong><br></p>



<p class="has-large-font-size">zu viert.</p>



<p>Zum Beispiel.</p>



<p>Denn Geigenleut&#8216; ist eine Idee. Ein Projekt:</p>



<p>Musik vergangener Zeit aus heutiger Sicht spielen. </p>



<p>Winfried S. Küttner (Vocals, Violine, Viola, Akkordeon) kommt mit Anna Truhina (Violine), Rafael Carpena oder Philip Weber (Gitarre). Mit Corinna Stüttgen-Klepsch<strong> </strong> (Cello) oder Anne Peuchet (Cello) oder  Leoni Walter (Kontrabass),  und v.a.m. (Fast) alle Musiker haben ein Studium an einer deutschen Musikhochschule absolviert.</p>



<figure class="wp-block-image size-large"><img loading="lazy" width="768" height="1024" src="http://geigenleut.de/wp-content/uploads/2022/05/IMG_20220430_164856-768x1024.jpg" alt="" class="wp-image-170" srcset="http://geigenleut.de/wp-content/uploads/2022/05/IMG_20220430_164856-768x1024.jpg 768w, http://geigenleut.de/wp-content/uploads/2022/05/IMG_20220430_164856-225x300.jpg 225w, http://geigenleut.de/wp-content/uploads/2022/05/IMG_20220430_164856-1152x1536.jpg 1152w, http://geigenleut.de/wp-content/uploads/2022/05/IMG_20220430_164856-1536x2048.jpg 1536w, http://geigenleut.de/wp-content/uploads/2022/05/IMG_20220430_164856-scaled.jpg 1920w" sizes="(max-width: 706px) 89vw, (max-width: 767px) 82vw, 740px" /><figcaption>dav</figcaption></figure>



<p>Das Projekt  steht unter der Leitung des in Mönchengladbach und Hälsingland (Schweden) lebenden Komponisten und Geigers Winfried S. Küttner.  Küttner stammt aus Norddeutschland, ist in Bremen aufgewachsen, studierte Musik in Hannover, Düsseldorf und Köln. </p>



<figure class="wp-block-image size-large"><img loading="lazy" width="1024" height="683" src="http://geigenleut.de/wp-content/uploads/2022/03/SKOG-1024x683.jpg" alt="" class="wp-image-165" srcset="http://geigenleut.de/wp-content/uploads/2022/03/SKOG-1024x683.jpg 1024w, http://geigenleut.de/wp-content/uploads/2022/03/SKOG-300x200.jpg 300w, http://geigenleut.de/wp-content/uploads/2022/03/SKOG-768x512.jpg 768w, http://geigenleut.de/wp-content/uploads/2022/03/SKOG-1536x1024.jpg 1536w, http://geigenleut.de/wp-content/uploads/2022/03/SKOG-2048x1365.jpg 2048w" sizes="(max-width: 706px) 89vw, (max-width: 767px) 82vw, 740px" /></figure>

<p>Geigenleut&#8216; kommt mit einem vorweihnachtlichen Programm und einem für den Rest des Jahres. Beide werden ständig erweitert und variiert. Geigenleut&#8216; kommt zu zweit, zu dritt zu viert. Zum Beispiel. Denn Geigenleut&#8216; ist eine Idee. Ein Projekt: Musik vergangener Zeit aus heutiger Sicht spielen. Winfried S. Küttner (Vocals, Violine, Viola, Akkordeon) kommt mit Anna Truhina (Violine), &hellip; </p>
<p class="link-more"><a href="http://geigenleut.de/?page_id=121" class="more-link"><span class="screen-reader-text">„Band“</span> weiterlesen</a></p>
